{"id":25,"date":"2018-08-23T10:51:32","date_gmt":"2018-08-23T10:51:32","guid":{"rendered":"http:\/\/www.kiiskilantila.fi\/?page_id=25"},"modified":"2025-11-06T08:18:59","modified_gmt":"2025-11-06T08:18:59","slug":"hunaja","status":"publish","type":"page","link":"https:\/\/www.kiiskilantila.fi\/?page_id=25","title":{"rendered":"Mehil\u00e4istuotteet"},"content":{"rendered":"<div class=\"wp-block-image\">\n<figure class=\"aligncenter size-large\"><img decoding=\"async\" loading=\"lazy\" width=\"888\" height=\"1024\" src=\"https:\/\/www.kiiskilantila.fi\/wp-content\/uploads\/2020\/12\/Hunaja500gpurkit-888x1024.jpg\" alt=\"\" class=\"wp-image-307\" srcset=\"https:\/\/www.kiiskilantila.fi\/wp-content\/uploads\/2020\/12\/Hunaja500gpurkit-888x1024.jpg 888w, https:\/\/www.kiiskilantila.fi\/wp-content\/uploads\/2020\/12\/Hunaja500gpurkit-260x300.jpg 260w, https:\/\/www.kiiskilantila.fi\/wp-content\/uploads\/2020\/12\/Hunaja500gpurkit-768x886.jpg 768w, https:\/\/www.kiiskilantila.fi\/wp-content\/uploads\/2020\/12\/Hunaja500gpurkit-1332x1536.jpg 1332w, https:\/\/www.kiiskilantila.fi\/wp-content\/uploads\/2020\/12\/Hunaja500gpurkit.jpg 1732w\" sizes=\"(max-width: 767px) 89vw, (max-width: 1000px) 54vw, (max-width: 1071px) 543px, 580px\" \/><\/figure><\/div>\n\n\n<h2 class=\"wp-block-heading\">Juvalaista l\u00e4hihunajaa<\/h2>\n\n\n\n<p>Hunaja 500g  <strong>9,5\u20ac<\/strong><br>Hunajalaatikko 10x500g <strong>80\u20ac<\/strong><\/p>\n\n\n\n<p>Kiiskil\u00e4n tilan hunajan valmistavat juvalaista kantaa olevat paikallisiin oloihin hyvin sopeutuneet mehil\u00e4iset sek\u00e4 alkuper\u00e4isrotuiset pohjolan tummat mehil\u00e4iset. P\u00e4\u00e4sadon tilamme mehil\u00e4iset ker\u00e4\u00e4v\u00e4t horsmasta ja vadelmasta. P\u00e4\u00e4hunajasato ker\u00e4t\u00e4\u00e4n pesist\u00e4 yleens\u00e4 hein\u00e4-elokuun vaihteessa hieman s\u00e4\u00e4olosuhteista ja kes\u00e4n edistymisest\u00e4 riippuen. Uuden sadon juoksevaa ja juuri lingottua hunajaa on saatavilla muutaman viikon mittaisen linkoussesongin aikana. Uuden sadon hunaja kiteytyy hiljalleen lohkeavaksi hunajaksi. Kiteytymisnopeus riippuu s\u00e4ilytysl\u00e4mp\u00f6tilasta ja lopullinen kovuus mehil\u00e4isten ker\u00e4\u00e4mist\u00e4 mesikasveista. Suurin osa myyntiin tulevasta hunajasta on hienokiteiseksi kiteytetty\u00e4 pehme\u00e4\u00e4 hunajaa, jonka rakenne pysyy pehme\u00e4n\u00e4 ja hienokiteisen\u00e4 pitk\u00e4nkin s\u00e4ilytysajan.<\/p>\n\n\n\n<h3 class=\"wp-block-heading\">S\u00e4ilytys<\/h3>\n\n\n\n<p>Hunajan lyhytaikainen s\u00e4ilytys k\u00e4y kuivassa ja huoneen l\u00e4mm\u00f6ss\u00e4 tiiviisti suljetussa purkissa. Jos ostat enemm\u00e4n hunajaa kerralla suositeltavaa on s\u00e4il\u00f6\u00e4 avaamattomat purkit viile\u00e4ss\u00e4 (noin +14 c) ja kuivassa tilassa. Uuden sadon juokseva hunaja s\u00e4ilyy juoksevana ainoastaan pakastettuna. Hunajansa juoksevana nauttivan on hyv\u00e4 pakata hunaja kuukauden k\u00e4ytt\u00f6eriss\u00e4 pakastimeen. T\u00e4ll\u00f6in hunaja on edelleen juoksevaa sulamisen j\u00e4lkeen eik\u00e4 hunajaa tarvitse miss\u00e4\u00e4n vaiheessa l\u00e4mmitt\u00e4\u00e4.<\/p>\n\n\n\n<h3 class=\"wp-block-heading\">Myynti<\/h3>\n\n\n\n<p>Hunaja myyd\u00e4\u00e4n p\u00e4\u00e4asiassa tilalta suoraan kuluttajille. Toimimme aktiivisesti Juvan ja Mikkelin REKO-ryhmiss\u00e4 sek\u00e4 ajoittain enn\u00e4t\u00e4mme my\u00f6s Savonlinnaan ja Puumalaan. <\/p>\n\n\n\n<p>Hunajaa on saatavilla my\u00f6s Mikkelin kauppahallin Lihapuodista ja 5-tien varrelta Siiskosen leipomon Punaisen piipun kievarista. Savonlinnassa pehme\u00e4 hunajamme l\u00f6ytyy Saimaan Marjan valikoimista. Kes\u00e4isin hunajavarastoaan voi k\u00e4yd\u00e4 t\u00e4ydent\u00e4m\u00e4ss\u00e4 Puumalan Hurissalossa Riimukiven kes\u00e4kahvilan puodissa sek\u00e4 kotikylilt\u00e4 Juvan keskustassa hunajaamme l\u00f6ytyy Juvan k\u00e4sity\u00f6l\u00e4isten myym\u00e4l\u00e4n hyllylt\u00e4 Hildurissa.<\/p>\n\n\n\n<h3 class=\"wp-block-heading\">Pakkaus<\/h3>\n\n\n\n<p>Hunaja on pakattuna 500g lasipurkkeihin. Ekologisia valintoja kannattavina kierr\u00e4t\u00e4mme lasipurkkimme uudelleen k\u00e4ytt\u00f6\u00f6n. Hyvit\u00e4mme asiakkaillemme uuden ostoksen yhteydess\u00e4 jokaisesta tyhj\u00e4st\u00e4, huuhdellusta ja hyv\u00e4kuntoisesta purkista 0,20e. <br>Uuden sadon aikaan hunajaa on mahdollista ostaa my\u00f6s omaan astiaan.<\/p>\n\n\n\n<h2 class=\"wp-block-heading\">Mehil\u00e4isvaha<\/h2>\n\n\n<div class=\"wp-block-image\">\n<figure class=\"aligncenter size-large is-resized\"><a href=\"http:\/\/www.kiiskilantila.fi\/wp-content\/uploads\/2020\/12\/DSC_5465.jpg\"><img decoding=\"async\" loading=\"lazy\" src=\"http:\/\/www.kiiskilantila.fi\/wp-content\/uploads\/2020\/12\/DSC_5465-1024x1024.jpg\" alt=\"\" class=\"wp-image-338\" width=\"512\" height=\"512\" srcset=\"https:\/\/www.kiiskilantila.fi\/wp-content\/uploads\/2020\/12\/DSC_5465-1024x1024.jpg 1024w, https:\/\/www.kiiskilantila.fi\/wp-content\/uploads\/2020\/12\/DSC_5465-300x300.jpg 300w, https:\/\/www.kiiskilantila.fi\/wp-content\/uploads\/2020\/12\/DSC_5465-150x150.jpg 150w, https:\/\/www.kiiskilantila.fi\/wp-content\/uploads\/2020\/12\/DSC_5465-768x768.jpg 768w, https:\/\/www.kiiskilantila.fi\/wp-content\/uploads\/2020\/12\/DSC_5465-100x100.jpg 100w, https:\/\/www.kiiskilantila.fi\/wp-content\/uploads\/2020\/12\/DSC_5465.jpg 1080w\" sizes=\"(max-width: 512px) 100vw, 512px\" \/><\/a><figcaption class=\"wp-element-caption\">Mehil\u00e4isvahapaloja<\/figcaption><\/figure><\/div>\n\n\n<p>Myymme pieni\u00e4 m\u00e4\u00e4ri\u00e4 mehil\u00e4isvahaa k\u00e4sity\u00f6- ja askarteluk\u00e4ytt\u00f6\u00f6n. Valikoimassa on tilalla pesist\u00e4 poistettua ja puhdistettua vahaa muotteihin valettuina vahapaloina.<br>Mehil\u00e4isvahapaloja on k\u00e4tev\u00e4\u00e4 k\u00e4ytt\u00e4\u00e4 vett\u00e4hylkiv\u00e4n\u00e4 pinnoiteaineena puupinnoille. My\u00f6s valurautapannut saavat uuden kiilt\u00e4v\u00e4mm\u00e4n el\u00e4m\u00e4n mehil\u00e4isvahapaistopinnalla. Mehil\u00e4isvaha on my\u00f6s t\u00e4rke\u00e4 raaka-aine muoti-ilmi\u00f6ksi kasvaneen bee&#8217;s wrap mehil\u00e4isvahak\u00e4\u00e4reen valmistuksessa. Mehil\u00e4isvaha toimii my\u00f6s erinomaisesti luonnonmukaisena vaihtoehtona tinan valamiselle uutena vuonna. <br>Valmiina mehil\u00e4isvahatuotteina myymme kynttil\u00f6it\u00e4, kenk\u00e4rasvaa sek\u00e4 vahapinnoitetta.<\/p>\n\n\n\n<h2 class=\"wp-block-heading\">Yhdyskunnat ja emot<\/h2>\n\n\n\n<p>Myymme my\u00f6s mehil\u00e4isyhdyskuntia sek\u00e4 emoja. <br>Lis\u00e4tietoja Pekka Teittinen 050 3634451 \/ pekka@kiiskilantila.fi<\/p>\n","protected":false},"excerpt":{"rendered":"<p>Juvalaista l\u00e4hihunajaa Hunaja 500g 9,5\u20acHunajalaatikko 10x500g 80\u20ac Kiiskil\u00e4n tilan hunajan valmistavat juvalaista kantaa olevat paikallisiin oloihin hyvin sopeutuneet mehil\u00e4iset sek\u00e4 alkuper\u00e4isrotuiset pohjolan tummat mehil\u00e4iset. P\u00e4\u00e4sadon tilamme mehil\u00e4iset ker\u00e4\u00e4v\u00e4t horsmasta ja vadelmasta. P\u00e4\u00e4hunajasato ker\u00e4t\u00e4\u00e4n pesist\u00e4 yleens\u00e4 hein\u00e4-elokuun vaihteessa hieman s\u00e4\u00e4olosuhteista ja kes\u00e4n edistymisest\u00e4 riippuen. Uuden sadon juoksevaa ja juuri lingottua hunajaa on saatavilla muutaman viikon mittaisen &hellip; <\/p>\n<p class=\"link-more\"><a href=\"https:\/\/www.kiiskilantila.fi\/?page_id=25\" class=\"more-link\">Jatka lukemista<span class=\"screen-reader-text\"> &#8221;Mehil\u00e4istuotteet&#8221;<\/span><\/a><\/p>\n","protected":false},"author":1,"featured_media":0,"parent":192,"menu_order":1,"comment_status":"closed","ping_status":"closed","template":"","meta":[],"_links":{"self":[{"href":"https:\/\/www.kiiskilantila.fi\/index.php?rest_route=\/wp\/v2\/pages\/25"}],"collection":[{"href":"https:\/\/www.kiiskilantila.fi\/index.php?rest_route=\/wp\/v2\/pages"}],"about":[{"href":"https:\/\/www.kiiskilantila.fi\/index.php?rest_route=\/wp\/v2\/types\/page"}],"author":[{"embeddable":true,"href":"https:\/\/www.kiiskilantila.fi\/index.php?rest_route=\/wp\/v2\/users\/1"}],"replies":[{"embeddable":true,"href":"https:\/\/www.kiiskilantila.fi\/index.php?rest_route=%2Fwp%2Fv2%2Fcomments&post=25"}],"version-history":[{"count":27,"href":"https:\/\/www.kiiskilantila.fi\/index.php?rest_route=\/wp\/v2\/pages\/25\/revisions"}],"predecessor-version":[{"id":458,"href":"https:\/\/www.kiiskilantila.fi\/index.php?rest_route=\/wp\/v2\/pages\/25\/revisions\/458"}],"up":[{"embeddable":true,"href":"https:\/\/www.kiiskilantila.fi\/index.php?rest_route=\/wp\/v2\/pages\/192"}],"wp:attachment":[{"href":"https:\/\/www.kiiskilantila.fi\/index.php?rest_route=%2Fwp%2Fv2%2Fmedia&parent=25"}],"curies":[{"name":"wp","href":"https:\/\/api.w.org\/{rel}","templated":true}]}}