{"id":261,"date":"2019-12-16T07:22:00","date_gmt":"2019-12-16T07:22:00","guid":{"rendered":"http:\/\/www.kiiskilantila.fi\/?page_id=261"},"modified":"2019-12-16T09:29:51","modified_gmt":"2019-12-16T09:29:51","slug":"tummat-mehilaiset","status":"publish","type":"page","link":"https:\/\/www.kiiskilantila.fi\/?page_id=261","title":{"rendered":"Tummat mehil\u00e4iset"},"content":{"rendered":"\n<p>Tilalla tarhataan pohjolan tummia mehil\u00e4isi\u00e4 ja paikallisiin olosuhteisiin sopeutuneita &#8221;sekarotuisia&#8221; mehil\u00e4isi\u00e4. Mehil\u00e4isten teht\u00e4v\u00e4n\u00e4 on tuottaa hunajaa, p\u00f6lytt\u00e4\u00e4 kasvit ja tuottaa tarhaajalle el\u00e4m\u00e4n sis\u00e4lt\u00f6\u00e4. Mik\u00e4 olisikaan mukavampaa tekemist\u00e4 kes\u00e4iltana kuin mehil\u00e4isparven pyydystys naapurin savupiipusta. Olemme kiinnostuneita kaikesta mehil\u00e4isiin liittyv\u00e4st\u00e4, mutta erityisesti pohjolan tumman mehil\u00e4isen tarhaamisesta. <\/p>\n\n\n\n<p> Musta mehil\u00e4inen eli pohjolan tumma mehil\u00e4inen on sopeutunut pohjoisen lyhyeen kes\u00e4\u00e4n ja pitk\u00e4\u00e4n talveen. Se oli ainoa tarhamehil\u00e4isrotu Suomessa ennen etel\u00e4eurooppalaisten mehil\u00e4isrotujen tuontia Suomeen. Tumma mehil\u00e4inen pystyy ker\u00e4\u00e4m\u00e4\u00e4n mett\u00e4 tehokkaasti pohjoisen kasveista kuten kanervasta ja tarvitsee talvehtiakseen v\u00e4hemm\u00e4n talviravintoa kuin sen resursseja tuhlailevat etel\u00e4n sukulaiset. Tumma mehil\u00e4inen oli aiemmin maailman yleisin rotu. 1960 -luvulle tultaessa se oli kuitenkin kadonnut l\u00e4hes kokonaan Suomesta, koska mehil\u00e4istarhaajat kuvittelivat etel\u00e4isten rotujen olevan tehokkaampia hunajan tuottajia.<\/p>\n\n\n\n<p>T\u00e4m\u00e4n arvokkaan geeniperim\u00e4n s\u00e4ilytt\u00e4miseen on ryhdytty Suomessa vasta 2000 -luvulla. Ongelmana on mehil\u00e4isten risteytyminen muun rotuisten mehil\u00e4isten kanssa. Risteytymist\u00e4 pystyt\u00e4\u00e4n hallitsemaan pariuttamalla kuningattaret alueella, jossa ei ole muita mehil\u00e4isrotuja tai keinosiement\u00e4m\u00e4ll\u00e4 emot halutulla geeniperim\u00e4ll\u00e4.  Tilamme tummat mehil\u00e4isemot tilan is\u00e4nt\u00e4 keinosiement\u00e4\u00e4 itse. Tumman mehil\u00e4isen tarhaajia on Suomessa muutamia kymmeni\u00e4 ja yhdyskuntia muutamia satoja.  <\/p>\n\n\n\n<p>Kaikkien p\u00f6lytt\u00e4jien s\u00e4ilytt\u00e4minen on t\u00e4rke\u00e4\u00e4 ja erityisen t\u00e4rke\u00e4ksi koemme t\u00e4m\u00e4n sitke\u00e4n ja karaistuneen alkuper\u00e4isrodun s\u00e4ilytt\u00e4misen.   <\/p>\n","protected":false},"excerpt":{"rendered":"<p>Tilalla tarhataan pohjolan tummia mehil\u00e4isi\u00e4 ja paikallisiin olosuhteisiin sopeutuneita &#8221;sekarotuisia&#8221; mehil\u00e4isi\u00e4. Mehil\u00e4isten teht\u00e4v\u00e4n\u00e4 on tuottaa hunajaa, p\u00f6lytt\u00e4\u00e4 kasvit ja tuottaa tarhaajalle el\u00e4m\u00e4n sis\u00e4lt\u00f6\u00e4. Mik\u00e4 olisikaan mukavampaa tekemist\u00e4 kes\u00e4iltana kuin mehil\u00e4isparven pyydystys naapurin savupiipusta. Olemme kiinnostuneita kaikesta mehil\u00e4isiin liittyv\u00e4st\u00e4, mutta erityisesti pohjolan tumman mehil\u00e4isen tarhaamisesta. Musta mehil\u00e4inen eli pohjolan tumma mehil\u00e4inen on sopeutunut pohjoisen lyhyeen kes\u00e4\u00e4n &hellip; <\/p>\n<p class=\"link-more\"><a href=\"https:\/\/www.kiiskilantila.fi\/?page_id=261\" class=\"more-link\">Jatka lukemista<span class=\"screen-reader-text\"> &#8221;Tummat mehil\u00e4iset&#8221;<\/span><\/a><\/p>\n","protected":false},"author":1,"featured_media":0,"parent":192,"menu_order":0,"comment_status":"closed","ping_status":"closed","template":"","meta":[],"_links":{"self":[{"href":"https:\/\/www.kiiskilantila.fi\/index.php?rest_route=\/wp\/v2\/pages\/261"}],"collection":[{"href":"https:\/\/www.kiiskilantila.fi\/index.php?rest_route=\/wp\/v2\/pages"}],"about":[{"href":"https:\/\/www.kiiskilantila.fi\/index.php?rest_route=\/wp\/v2\/types\/page"}],"author":[{"embeddable":true,"href":"https:\/\/www.kiiskilantila.fi\/index.php?rest_route=\/wp\/v2\/users\/1"}],"replies":[{"embeddable":true,"href":"https:\/\/www.kiiskilantila.fi\/index.php?rest_route=%2Fwp%2Fv2%2Fcomments&post=261"}],"version-history":[{"count":4,"href":"https:\/\/www.kiiskilantila.fi\/index.php?rest_route=\/wp\/v2\/pages\/261\/revisions"}],"predecessor-version":[{"id":282,"href":"https:\/\/www.kiiskilantila.fi\/index.php?rest_route=\/wp\/v2\/pages\/261\/revisions\/282"}],"up":[{"embeddable":true,"href":"https:\/\/www.kiiskilantila.fi\/index.php?rest_route=\/wp\/v2\/pages\/192"}],"wp:attachment":[{"href":"https:\/\/www.kiiskilantila.fi\/index.php?rest_route=%2Fwp%2Fv2%2Fmedia&parent=261"}],"curies":[{"name":"wp","href":"https:\/\/api.w.org\/{rel}","templated":true}]}}