{"id":303,"date":"2020-12-16T12:17:35","date_gmt":"2020-12-16T12:17:35","guid":{"rendered":"http:\/\/www.kiiskilantila.fi\/?page_id=303"},"modified":"2023-04-24T10:15:26","modified_gmt":"2023-04-24T10:15:26","slug":"etusivu-2","status":"publish","type":"page","link":"https:\/\/www.kiiskilantila.fi\/","title":{"rendered":"Etusivu"},"content":{"rendered":"\n<p>Tervetuloa! <\/p>\n\n\n\n<p>Hoidamme mehil\u00e4isi\u00e4 ja lampaita. Sivuilta l\u00f6yd\u00e4t tietoa meist\u00e4 ja tuotteistamme.  <\/p>\n\n\n\n<p>Seuraa meit\u00e4 Instagramissa @kiiskilantila901<\/p>\n\n\n\n<figure class=\"wp-block-image size-large\"><a href=\"http:\/\/www.kiiskilantila.fi\/wp-content\/uploads\/2020\/12\/DSC_3884-scaled.jpg\"><img decoding=\"async\" loading=\"lazy\" width=\"1024\" height=\"678\" src=\"http:\/\/www.kiiskilantila.fi\/wp-content\/uploads\/2020\/12\/DSC_3884-1024x678.jpg\" alt=\"\" class=\"wp-image-313\" srcset=\"https:\/\/www.kiiskilantila.fi\/wp-content\/uploads\/2020\/12\/DSC_3884-1024x678.jpg 1024w, https:\/\/www.kiiskilantila.fi\/wp-content\/uploads\/2020\/12\/DSC_3884-300x199.jpg 300w, https:\/\/www.kiiskilantila.fi\/wp-content\/uploads\/2020\/12\/DSC_3884-768x509.jpg 768w, https:\/\/www.kiiskilantila.fi\/wp-content\/uploads\/2020\/12\/DSC_3884-1536x1017.jpg 1536w, https:\/\/www.kiiskilantila.fi\/wp-content\/uploads\/2020\/12\/DSC_3884-2048x1357.jpg 2048w\" sizes=\"(max-width: 767px) 89vw, (max-width: 1000px) 54vw, (max-width: 1071px) 543px, 580px\" \/><\/a><\/figure>\n","protected":false},"excerpt":{"rendered":"<p>Tervetuloa! Hoidamme mehil\u00e4isi\u00e4 ja lampaita. Sivuilta l\u00f6yd\u00e4t tietoa meist\u00e4 ja tuotteistamme. Seuraa meit\u00e4 Instagramissa @kiiskilantila901<\/p>\n","protected":false},"author":1,"featured_media":0,"parent":0,"menu_order":0,"comment_status":"closed","ping_status":"closed","template":"","meta":[],"_links":{"self":[{"href":"https:\/\/www.kiiskilantila.fi\/index.php?rest_route=\/wp\/v2\/pages\/303"}],"collection":[{"href":"https:\/\/www.kiiskilantila.fi\/index.php?rest_route=\/wp\/v2\/pages"}],"about":[{"href":"https:\/\/www.kiiskilantila.fi\/index.php?rest_route=\/wp\/v2\/types\/page"}],"author":[{"embeddable":true,"href":"https:\/\/www.kiiskilantila.fi\/index.php?rest_route=\/wp\/v2\/users\/1"}],"replies":[{"embeddable":true,"href":"https:\/\/www.kiiskilantila.fi\/index.php?rest_route=%2Fwp%2Fv2%2Fcomments&post=303"}],"version-history":[{"count":3,"href":"https:\/\/www.kiiskilantila.fi\/index.php?rest_route=\/wp\/v2\/pages\/303\/revisions"}],"predecessor-version":[{"id":425,"href":"https:\/\/www.kiiskilantila.fi\/index.php?rest_route=\/wp\/v2\/pages\/303\/revisions\/425"}],"wp:attachment":[{"href":"https:\/\/www.kiiskilantila.fi\/index.php?rest_route=%2Fwp%2Fv2%2Fmedia&parent=303"}],"curies":[{"name":"wp","href":"https:\/\/api.w.org\/{rel}","templated":true}]}}